 - 21 = -63*m. Suppose m*l - 154 = 42. What is the units digit of l?
8
Suppose -5*o + 3*j = -5070 + 18690, -j = 3*o + 8172. What is the tens digit of (o/(-10))/(6/20)?
0
Let c(o) = 293*o**2 - 9. What is the hundreds digit of c(-3)?
6
Suppose 0 = 2*u - 2*s - 332, 3*s = 5*u - s - 828. Let c = u + 352. What is the hundreds digit of c?
5
Suppose 0 = -4*z - w + 235, -z - 5*w = 4*z - 305. Suppose -r - z = -464. What is the tens digit of r?
0
Let l(v) = v**2 - 24*v - 56. What is the units digit of l(-43)?
5
Let b = 205 - 441. Let c = 402 + b. What is the units digit of c?
6
Let u = 9007 + -3429. What is the thousands digit of u?
5
Let m(i) = -6*i - 62. Let y be m(-6). Let j = y + 265. What is the tens digit of j?
3
Let f be 25/225 + 53/9. Suppose -29*n + 20475 = f*n. What is the tens digit of n?
8
Let u = 71 - -9. What is the tens digit of (u/8)/((-8)/(-536))?
7
Let z(t) = -438*t**2 - 14*t + 5. Let h(v) = -v**2 - 2*v + 1. Let b(r) = 6*h(r) - z(r). What is the hundreds digit of b(-1)?
4
Suppose 3*f - 14*f + 4048 = 0. Let g = f + -89. What is the hundreds digit of g?
2
Let p be -556 + -2 + -5 - -6. Let j = p - -1048. What is the hundreds digit of j?
4
Let p(u) = 5*u**2 + 11*u - 90. Let m(s) = -3*s**2 - 8*s + 91. Let i(t) = 3*m(t) + 2*p(t). What is the units digit of i(-18)?
3
Let p(t) = 8*t**2 + 26. Let f be (64/34 - 4/(-34)) + -8. What is the units digit of p(f)?
4
Suppose 2740844 = 31*v + 913425. What is the thousands digit of v?
8
Let y(h) = -h**3 - 15*h**2 - 111*h - 68. What is the thousands digit of y(-23)?
6
Suppose 3*r = 7*s - 2*s - 13, -3*r + 2*s - 7 = 0. What is the units digit of ((-1)/((-2)/r))/((-2)/28)?
7
Let z(r) = r**3 + 6*r**2 - 7*r - 4. Let b be z(-7). Let a be -16*(57/(-4) + b). Let c = -202 + a. What is the tens digit of c?
9
Let n = -7908 + 24254. What is the tens digit of n?
4
Let s(b) = b. Let a(q) = q + 80. Let z(n) = a(n) - 3*s(n). What is the units digit of z(-32)?
4
Let u(r) = -7*r**3 - 2*r**2 + r + 4. Suppose -q + 13 - 16 = 0. What is the hundreds digit of u(q)?
1
Let k(s) = -s**2 - 19*s + 9. Let l(h) = 3*h**2 + 55*h - 26. Let r(i) = -17*k(i) - 6*l(i). What is the units digit of r(-6)?
9
Let b be ((-66)/(-12) - 5)*-116. What is the units digit of (-246)/(-8)*(70 + b)?
9
Suppose -4*i - 8 = 0, 2*d - 2*i - 1926 = -3*i. Let f = -96 + d. Suppose 11*u - 4*u - f = 0. What is the units digit of u?
4
Let u(r) = r**2 - 14*r + 15. Let t be u(13). Suppose t*w = -d - 2*w - 13, 4*w - 14 = 2*d. What is the units digit of (d - -5) + 3 - 8*-13?
3
Suppose -4*p - 952 = -o - 3181, -5*o - 1137 = -2*p. Let i = p + 923. What is the tens digit of i?
7
Let z = 2003 - 1559. What is the hundreds digit of z?
4
Suppose v = -3*x - 14, 0 = -5*v - 3*x - 3 - 19. Let t = v + -2. What is the units digit of (t/10)/(9/(-225))?
0
Suppose -2*q + 1944 = 3*i, 5*q - 2*q + 1929 = 3*i. Suppose -348 = -2*k - 4*m, 0 = -k - 3*k + 2*m + i. What is the tens digit of k?
6
Let i = -124 - -126. Suppose -5*o + 4*x = i*x - 286, 4*x + 108 = 2*o. What is the tens digit of o?
5
Suppose -y = -5*s + 288, s - 54 = 3*y - y. Suppose -8*h = -s - 1470. What is the tens digit of h?
9
Suppose 26*s = 13*s + 286. Suppose -21*w - 545 = -s*w. What is the tens digit of w?
4
Let x(b) = 3*b + 3. Let y be x(-1). Suppose 5*j + 3*n - 29 = y, -2*j = -5*n + 8*n - 17. Suppose 2*t + 4 = 0, 702 = g + j*g + 4*t. What is the tens digit of g?
4
What is the hundreds digit of 1/(-2)*(-126035 - 1591/37)?
0
Suppose 132059 - 39255 = 35*b - 84436. What is the hundreds digit of b?
0
Let i(p) be the third derivative of 11*p**5/60 - 3*p**4/4 - 4*p**3 - 21*p**2. What is the units digit of i(-8)?
4
Let s(w) = 16*w**3 - w**2 + 26*w - 45. What is the tens digit of s(8)?
9
Let y(w) be the second derivative of 19*w**2 + 0 + 2*w - 11/6*w**3. What is the units digit of y(-9)?
7
Let g = 626 - 615. Suppose -36*b + 29525 = -g*b. What is the units digit of b?
1
Let r = 5126 - 2042. What is the thousands digit of r?
3
Suppose -o = 5*l + 234, 0 = -o + 2*o + 2*l + 231. Let q = o - -883. What is the hundreds digit of q?
6
Suppose 3*l + 8*l = 99. Let q be 2 + (-5)/10*-2. Suppose 5*i = -4*b + 26, 2*i + l = 4*i + q*b. What is the units digit of i?
6
Suppose 0 = 6*l - 82721 + 149. What is the thousands digit of l?
3
Suppose 1034 = -12*g + 12554. Suppose 0 = 45*s - 43*s - g. What is the tens digit of s?
8
Let u(d) = -636*d - 1023. What is the hundreds digit of u(-4)?
5
What is the units digit of (-1)/(-7) - ((-3096)/(-4515))/(6/(-36740))?
9
Let m = -123 - -132. Suppose 9*y - 9 = m. Suppose -5*l = -3*p + 408, 0 = -0*p - 2*p + y*l + 268. What is the hundreds digit of p?
1
Let r = -53 - 8. Let w = -230 - -103. Let d = r - w. What is the tens digit of d?
6
Let y = 47 - 45. Let t be 62 - y/(-2)*-4. Suppose -5*g + t = -132. What is the tens digit of g?
3
Let z be ((-95)/(-10))/((-6)/(-12)). Let f(k) = -k**3 + 22*k**2 - 45*k + 53. What is the units digit of f(z)?
1
Let u = 93 + -117. Let p be (-1)/(-4) + 54/u. What is the tens digit of 8/2 + 224 - p?
3
Suppose -54*c + 70*c - 114224 = 0. What is the units digit of c?
9
Suppose 11*w = 6*w + 4*d + 60169, 24070 = 2*w - 4*d. What is the thousands digit of w?
2
Let f be 0*2/(-8)*-2. Suppose f = -16*g + 19*g. Suppose -3*i - 4*r + 64 + 8 = g, 0 = 4*r - 12. What is the units digit of i?
0
Let x(c) = c**3 + 16*c**2 - 2*c + 41. What is the thousands digit of x(10)?
2
Let k = -43 - -46. Suppose -k*c - 2*q + 20 = -568, 5*q + 980 = 5*c. What is the tens digit of 4/(-8) - c/(-8)?
2
Let i(d) = -8*d**2 + 3*d - 5 + 58*d**2 + 0*d + d. What is the tens digit of i(3)?
5
Suppose -10083 = -4*h + 19875 + 10250. What is the units digit of h?
2
Let c be (-2)/(-10) - -15272*(-7)/70. Let b = 2237 + c. What is the hundreds digit of b?
7
Let p = -235 - -237. What is the hundreds digit of 6 - 22864/(-104) - p/(-13)?
2
Let j be 165*((-114)/(-30) + -4 + 2). What is the tens digit of 80622/j + (-6)/(-11)?
7
Suppose 0 = 3*l + 4*x - 7801, 73*l - 68*l - 12920 = 5*x. What is the thousands digit of l?
2
Suppose 6*m + 217 = -743. Let n = m + 414. What is the units digit of n?
4
Let z(p) = p**3 - 34*p**2 + 41*p + 61. Let u be z(33). Let j = u - -205. What is the units digit of j?
0
Suppose -3*x - 9 = 0, 3*p - 6*p + 33345 = 3*x. What is the hundreds digit of p?
1
Suppose -4*f + 8732 = -5*o, -3*f - 4*o = f - 8696. Let h = f - 1526. What is the units digit of h?
2
Let j = 30 + -24. Suppose 3*d = 2*r - 2, -j*d = r - 4*d - 8. Suppose -92 = r*t - 352. What is the units digit of t?
5
Let o = -3 - -6. Suppose 5*n = 4*c - 10, -5*c + 2*n = o - 7. What is the units digit of c - 2 - (204/(-3) - -4)?
2
Let q = 43019 + -2966. What is the ten thousands digit of q?
4
Suppose -4*p + 53418 = 3*l + 14431, -4*p + 38981 = -3*l. What is the units digit of p?
6
Suppose 204*g - 4207455 = -81*g. What is the hundreds digit of g?
7
Suppose 412*y = 25712041 - 1745258 + 8397465. What is the tens digit of y?
5
Let z(v) = 6*v + 8. Let m(s) = 11*s + 15. Let d(q) = -3*m(q) + 5*z(q). Let w be d(-11). Suppose w*p - 1197 = 19*p. What is the hundreds digit of p?
1
Suppose -3 = r, -841 = -4*g - 2*r + 413. Let j = g + -179. What is the units digit of j?
6
Let m(d) = d**2 + d**2 - 8 + 6*d**2 - d**3 + 30*d + 3*d**2. What is the hundreds digit of m(11)?
3
What is the thousands digit of (5 + 2/((-84)/412170))/(14/(-49))?
4
Suppose 5*d + 212*p - 45794 = 214*p, 0 = -2*d + p + 18319. What is the hundreds digit of d?
1
Let a be 3 - (5 + -5)*1. What is the hundreds digit of (a + 619)/((-2 - 2) + 6)?
3
Let g(r) = r**3 - 14*r**2 - 8*r + 30. Let q be g(15). Suppose -14*u + 17*u = -q. Let s = u - -50. What is the units digit of s?
5
Suppose -1056 = -j - 5*t, 0*j + 2097 = 2*j + 5*t. Suppose -23*b + 20*b + j = 0. What is the hundreds digit of b?
3
Suppose n + 0*q - 3*q = 18, -n + 2*q + 14 = 0. Suppose -n*h + 2698 = 238. What is the hundreds digit of h?
4
What is the tens digit of ((-4)/52 - (-3063357)/143) + 5?
2
Suppose -9796 = -3*f + 2*q, -28*f = -29*f + 5*q + 3235. What is the tens digit of f?
7
Let d(h) = 7*h**3 - 2*h**2 - 43*h + 12. Let s(q) = -q**3 + 2*q**2 - q - 1. Let n(v) = d(v) + 6*s(v). What is the units digit of n(-12)?
6
Suppose 11*n = 306680 - 41943. What is the ten thousands digit of n?
2
Let x(d) = -8*d**2 - 4*d + 24. Let u be x(-9). What is the units digit of ((-3)/